13*r + 143. What is l(7)?
3
Let y(z) = -2*z**2 + 23*z - 43. Determine y(5).
22
Let k(u) = 5*u**3 + 15*u**2 - 8*u - 3. Give k(-3).
21
Let k(a) = -58*a - 1102. Determine k(-19).
0
Let i(h) = -408*h - 408. Calculate i(-1).
0
Let u(y) = 5447*y - 32683. Give u(6).
-1
Let m(y) = -35*y**2 + 5*y - 6. What is m(1)?
-36
Let r(y) = 11*y**2 - 337*y - 132. What is r(31)?
-8
Let m(d) = -759*d + 3954. What is m(5)?
159
Let v(z) = -2*z**3 + 38*z**2 + 70*z + 311. Calculate v(21).
17
Let c(m) = m**2 - 44*m - 64. Calculate c(44).
-64
Let i(s) = -9*s**2 - 42*s + 302. What is i(4)?
-10
Let s(m) = -507*m - 14710. What is s(-29)?
-7
Let n(r) = -r**3 + 30*r**2 + 2*r + 3. Calculate n(30).
63
Let f(t) = t**2 + 102*t - 775. Give f(7).
-12
Let s(o) = 202*o + 147. Give s(-1).
-55
Let s(g) = -2*g**2 + 11*g - 22. Give s(3).
-7
Let w(z) = 94*z + 17583. Give w(-187).
5
Let k(w) = -w**2 - 39*w - 243. Determine k(-31).
5
Let p(t) = -2*t**2 + 14*t - 34. Calculate p(5).
-14
Let i(v) = v**2 - 37*v + 351. What is i(14)?
29
Let q(r) = -17*r**2 - 160*r + 27. Calculate q(-9).
90
Let j(q) = 3*q + 209. Determine j(-30).
119
Let d(q) = 10*q**3 - 47*q**2 - 12*q - 24. Give d(5).
-9
Let t(n) = 1419*n + 7067. Determine t(-5).
-28
Let d(u) = -73*u + 2780. Determine d(38).
6
Let c(l) = -4*l**2 + 395*l - 42. Determine c(99).
-141
Let t(p) = p**3 + 60*p**2 - 230*p - 2582. Calculate t(-63).
1
Let r(w) = -w**3 + 6*w**2 - 12*w. Determine r(-6).
504
Let d(r) = -157*r - 1525. Calculate d(-10).
45
Let m(k) = 4*k**2 + 119*k - 24. What is m(-30)?
6
Let m(i) = 2*i**2 + 96*i + 170. Determine m(-46).
-14
Let o(h) = h**2 + 17*h + 76. Calculate o(-7).
6
Let o(x) = 156*x - 817. Give o(7).
275
Let m(z) = -29*z + 206. What is m(7)?
3
Let i(y) = -3*y**3 - 13*y**2 + 5*y + 3. Determine i(2).
-63
Let h(k) = -k**2 - 74*k + 1207. Determine h(-88).
-25
Let a(u) = 44*u**2 + 3956*u - 367. Determine a(-90).
-7
Let a(f) = -70*f**2 + 147*f - 8. Determine a(2).
6
Let m(o) = 134*o + 515. What is m(-4)?
-21
Let o(l) = -34*l**3 - 3*l**2 - l + 7. Give o(2).
-279
Let u(m) = -4*m**2 + 19*m + 256. Determine u(-6).
-2
Let p(s) = s**3 + 32*s**2 - 705*s - 73. Determine p(-47).
-73
Let c(v) = -v**3 - 4*v**2 - v + 4. Calculate c(-4).
8
Let c(p) = 3*p**2 - 135*p + 393. Calculate c(42).
15
Let t(u) = -3*u**3 - 3*u**2 - 25*u + 67. What is t(4)?
-273
Let d(a) = 977*a + 32243. Determine d(-33).
2
Let p(i) = i**3 - 10*i**2 + 4*i + 44. Calculate p(7).
-75
Let u(q) = -50*q - 309. Give u(-5).
-59
Let d(n) = -3*n**3 - 56*n**2 - 38*n - 36. Calculate d(-18).
0
Let g(v) = 258*v + 226. Determine g(-3).
-548
Let m(v) = -2*v**3 + 10*v**2 + 131*v + 35. What is m(-6)?
41
Let k(x) = 452*x**2 + 32541*x - 210. What is k(-72)?
6
Let n(o) = 184*o - 7411. Give n(40).
-51
Let q(s) = 2*s**3 - 12*s**2 - 16*s + 6. Calculate q(7).
-8
Let u(j) = -3624*j + 21728. Give u(6).
-16
Let h(u) = -37*u**2 - 3*u + 12. Determine h(0).
12
Let c(f) = f**2 - 64*f + 146. Give c(62).
22
Let t(h) = h**3 - 15*h**2 + 27*h + 224. Calculate t(10).
-6
Let s(g) = -25*g**2 + 160*g - 72. Determine s(6).
-12
Let g(t) = -474*t + 35557. Give g(75).
7
Let y(j) = -2*j**2 + 47*j - 155. Give y(21).
-50
Let y(c) = -2*c**3 - 38*c**2 + 39*c - 30. Calculate y(-20).
-10
Let k(b) = 8*b**3 - 3*b**2 - 14*b + 4. Calculate k(-3).
-197
Let j(l) = 1964*l - 5882. Calculate j(3).
10
Let r(o) = -1523*o - 4568. Determine r(-3).
1
Let v(b) = -2305*b + 48424. Give v(21).
19
Let i(k) = k**3 - 41*k**2 - 63*k - 3039. Calculate i(44).
-3
Let z(j) = 736*j - 34598. Give z(47).
-6
Let v(z) = -z - 176. What is v(21)?
-197
Let n(j) = -367*j + 5459. Calculate n(15).
-46
Let z(q) = -351*q - 14020. What is z(-40)?
20
Let k(x) = x**2 - 51*x + 264. Calculate k(29).
-374
Let r(w) = -87*w + 1033. Give r(19).
-620
Let n(c) = -c**2 + 61*c + 352. Calculate n(66).
22
Let z(k) = 4*k**3 + 2*k**2 - 12*k + 34. Determine z(4).
274
Let k(o) = 92*o - 17. Calculate k(0).
-17
Let f(o) = -5*o**3 - 7*o**2 - 5*o + 8. Give f(-2).
30
Let n(a) = a**2 - 2962*a + 79239. Calculate n(27).
-6
Let g(u) = u**3 - 3*u**2 + 2*u - 9. Give g(0).
-9
Let u(f) = -f**3 - 4*f**2 + 317*f + 1565. Calculate u(-5).
5
Let u(t) = -43*t - 351. What is u(-10)?
79
Let a(w) = 16*w + 702. Calculate a(-34).
158
Let t(p) = -p**3 + 92*p**2 + 382*p + 142. Give t(96).
-50
Let n(x) = x**3 + 19*x**2 + 149*x + 2391. Give n(-18).
33
Let o(z) = 7*z**3 + 45*z**2 + 53*z + 18. What is o(-5)?
3
Let z(r) = -94*r - 543. Calculate z(-6).
21
Let x(p) = -4*p - 60. Determine x(-14).
-4
Let c(k) = -33*k**2 + 5*k + 20. Determine c(-2).
-122
Let b(o) = -o**3 - 16*o**2 - 16*o + 24. Calculate b(-15).
39
Let c(g) = 2*g**3 - 15*g**2 - 3*g + 50. What is c(8)?
90
Let y(j) = j**3 + 16*j**2 - 44*j + 4. Calculate y(-18).
148
Let g(n) = 3*n**2 + 35*n + 66. Give g(-10).
16
Let v(x) = -556*x - 133444. Determine v(-240).
-4
Let q(j) = -4*j**2 + 144*j - 136. What is q(35)?
4
Let u(g) = -g**3 + 35*g**2 - 271*g - 465. What is u(21)?
18
Let b(l) = -382*l - 76027. Determine b(-199).
-9
Let l(f) = -146*f - 700. Give l(-4).
-116
Let c(s) = 384*s - 1922. Give c(5).
-2
Let a(t) = 2*t**2 + 122*t + 246. What is a(-2)?
10
Let i(p) = -p**2 + 56*p - 667. Give i(41).
-52
Let y(h) = -8*h**2 - 3*h - 5. Calculate y(-3).
-68
Let r(o) = 4*o**2 - 53*o - 28. What is r(12)?
-88
Let v(c) = -1705*c - 3445. Give v(-2).
-35
Let n(v) = -80*v**2 + v + 9. Calculate n(0).
9
Let u(c) = c**2 + 67*c - 2529. What is u(-94)?
9
Let w(c) = c**3 + 8*c**2 + 34*c + 46. Give w(-4).
-26
Let b(z) = -z**3 + 10*z**2 + 82*z - 104. Determine b(-6).
-20
Let a(y) = -831*y + 637. What is a(1)?
-194
Let b(o) = 2*o**3 + 10*o**2 - 15*o + 15. Calculate b(-6).
33
Let i(m) = m**3 - 7*m**2 - 3*m - 6. Give i(7).
-27
Let v(h) = 13*h**3 + 197*h**2 + 28*h - 31. Give v(-15).
-1
Let r(v) = -2*v + 616. Give r(-69).
754
Let u(p) = p**3 + 5*p**2 - 28*p - 156. Determine u(-6).
-24
Let i(z) = 4*z**3 + 17*z**2 - z + 10. Determine i(-5).
-60
Let p(x) = -4*x**2 - 83*x + 551. Determine p(-25).
126
Let f(i) = 2*i**3 + 141*i**2 - 68*i + 320. Determine f(-71).
107
Let j(v) = 137*v + 802. What is j(-6)?
-20
Let u(p) = -p**3 - 40*p**2 - 112*p - 47. Calculate u(-37).
-10
Let v(f) = 210*f - 4. Determine v(-2).
-424
Let x(n) = -243*n + 250. Give x(1).
7
Let z(p) = -386*p**2 + 1060. What is z(0)?
1060
Let f(r) = -148*r**3 + 4*r**2 + 6*r - 11. Calculate f(1).
-149
Let i(f) = -f**3 - 29*f**2 - 10*f - 269. Give i(-29).
21
Let u(a) = a**3 + 28*a**2 + 97*a - 1. What is u(-4)?
-5
Let l(x) = 7458*x - 37290. Calculate l(5).
0
Let n(o) = -224*o - 1584. Determine n(-7).
-16
Let j(c) = -988*c + 86941. Determine j(88).
-3
Let i(a) = -2*a**3 + a**2 + 3*a + 2. Calculate i(3).
-34
Let k(a) = -4*a + 102. Determine k(53).
-110
Let n(t) = -12*t**2 - 70*t + 64. Give n(-7).
-34
Let a(j) = -j**2 + 816. Give a(30).
-84
Let a(d) = -8*d - 191. Determine a(-32).
65
Let y(u) = -47*u**3 - 6*u**2 + 7*u - 1. Determine y(-2).
337
Let j(m) = -3*m**2 + 183*m - 200. What is j(60)?
-20
Let x(z) = -6*z**2 + 37*z - 65. Determine x(5).
-30
Let n(b) = -3*b**2 + 118*b + 367. Give n(-3).
-14
Let i(y) = y**3 + 12*y**2 + 15*y + 32. Calculate i(-11).
-12
Let m(f) = -20*f**3 + 33*f**2 + 69*f + 1. Calculate m(3).
-35
Let l(a) = 5*a**2 + 331*a + 460. What is l(-65)?
70
Let z(s) = -115*s + 12. What is z(-3)?
357
Let n(b) = 2*b**2 + 7*b - 43. Determine n(-7).
6
Let x(n) = 2*n**3 - 22*n**2 + 13*n + 91. Give x(10).
21
Let p(b) = b**2 - 107*b - 21614. Calculate p(-103).
16
Let w(z) = z**3 + 4*z**2 - 7*z - 24. Give w(-5).
-14
Let d(g) = 20*g**2 + 140*g + 3. Give d(-7).
3
Let z(o) = o**3 - 10*o**2 + 8*o - 38. Calculate z(12).
346
Let y(u) = 2*u**3 - 41*u**2 + 88*u + 3. Determine y(18).
-33
Let g(x) = 3*x**3 + 5*x**2 - 3*x - 4. Give g(0).
-4
Let g(s) = 5*s**2 + 57*s + 148. Give g(-8).
12
Let j(v) = -v**2 - 5*v + 8. Calculate j(-10).
-42
Let c(p) = 52*p - 356. Calculate c(8).
60
Let d(p) = 4*p**2 + 190*p + 2096. Give d(-30).
-4
Let z(o) = -6*o**3 - 47*o**2 - 32*o - 1. What is z(-7)?
-22
Let g(x) = -160*x + 7140. Give g(44).
100
Let l(n) = -n**2 + 43*n - 119. Calculate l(3).
1
Let j(k) = 259*k + 3104. Calculate j(-12).
-4
Let v(x) = -15*x**2 + 93*x - 28. Determine v(6).
-10
Let i(d) = -19*d + 984. Calculate i(30).
414
Let r(v) = 23*v - 33. Calculate r(3).
36
Let q(c) = c**3 + 16*c**2 + 48*c - 54. Give q(-10).
66
Let y(i) = -i**3 + 24*i**2 - 